[INFO] fetching crate redshell 0.0.8...
[INFO] checking redshell-0.0.8 against master#9610dfe5a9a731ced1ea4923ecbd0c57fe367898 for beta-170-4
[INFO] extracting crate redshell 0.0.8 into /workspace/builds/worker-5-tc1/source
[INFO] validating manifest of crates.io crate redshell 0.0.8 on toolchain 9610dfe5a9a731ced1ea4923ecbd0c57fe367898
[INFO] running `Command { std: CARGO_HOME="/workspace/cargo-home" RUSTUP_HOME="/workspace/rustup-home" "/workspace/cargo-home/bin/cargo" "+9610dfe5a9a731ced1ea4923ecbd0c57fe367898" "metadata" "--manifest-path" "Cargo.toml" "--no-deps", kill_on_drop: false }`
[INFO] started tweaking crates.io crate redshell 0.0.8
[INFO] finished tweaking crates.io crate redshell 0.0.8
[INFO] tweaked toml for crates.io crate redshell 0.0.8 written to /workspace/builds/worker-5-tc1/source/Cargo.toml
[INFO] crate crates.io crate redshell 0.0.8 already has a lockfile, it will not be regenerated
[INFO] running `Command { std: CARGO_HOME="/workspace/cargo-home" RUSTUP_HOME="/workspace/rustup-home" "/workspace/cargo-home/bin/cargo" "+9610dfe5a9a731ced1ea4923ecbd0c57fe367898" "fetch" "--manifest-path" "Cargo.toml", kill_on_drop: false }`
[INFO] [stderr]     Updating crates.io index
[INFO] [stderr]  Downloading crates ...
[INFO] [stderr]   Downloaded arrayref v0.3.7
[INFO] [stderr]   Downloaded tuig v0.0.2
[INFO] [stderr]   Downloaded tiny-skia-path v0.8.3
[INFO] [stderr]   Downloaded android-properties v0.2.2
[INFO] [stderr]   Downloaded wayland-cursor v0.29.5
[INFO] [stderr]   Downloaded cocoa-foundation v0.1.1
[INFO] [stderr]   Downloaded block2 v0.2.0-alpha.6
[INFO] [stderr]   Downloaded crossbeam-queue v0.3.8
[INFO] [stderr]   Downloaded wayland-scanner v0.30.0
[INFO] [stderr]   Downloaded softbuffer v0.2.0
[INFO] [stderr]   Downloaded wayland-sys v0.30.1
[INFO] [stderr]   Downloaded wayland-client v0.30.1
[INFO] [stderr]   Downloaded wayland-backend v0.1.1
[INFO] [stderr]   Downloaded calloop v0.10.5
[INFO] [stderr]   Downloaded nom v7.1.3
[INFO] [stderr]   Downloaded owned_ttf_parser v0.18.1
[INFO] [stderr]   Downloaded quick-xml v0.23.1
[INFO] [stderr]   Downloaded objc2 v0.3.0-beta.3.patch-leaks.2
[INFO] [stderr]   Downloaded crossbeam v0.8.2
[INFO] [stderr]   Downloaded smithay-client-toolkit v0.16.0
[INFO] [stderr]   Downloaded x11rb v0.11.1
[INFO] [stderr]   Downloaded nix v0.24.3
[INFO] [stderr]   Downloaded android-activity v0.4.1
[INFO] [stderr]   Downloaded tuig-pm v0.0.2
[INFO] [stderr]   Downloaded winapi-wsapoll v0.1.1
[INFO] [stderr]   Downloaded io-lifetimes v1.0.9
[INFO] [stderr]   Downloaded ttf-parser v0.18.1
[INFO] [stderr]   Downloaded winit v0.28.3
[INFO] [stderr]   Downloaded syn v2.0.11
[INFO] [stderr]   Downloaded winnow v0.4.1
[INFO] [stderr]   Downloaded x11rb-protocol v0.11.1
[INFO] [stderr]   Downloaded xcursor v0.3.4
[INFO] [stderr]   Downloaded wayland-protocols v0.29.5
[INFO] [stderr]   Downloaded wayland-client v0.29.5
[INFO] [stderr]   Downloaded toml_edit v0.19.8
[INFO] [stderr]   Downloaded fontdue v0.7.2
[INFO] [stderr]   Downloaded ttf-parser v0.15.2
[INFO] [stderr]   Downloaded gethostname v0.2.3
[INFO] [stderr]   Downloaded wayland-sys v0.29.5
[INFO] [stderr]   Downloaded ab_glyph_rasterizer v0.1.8
[INFO] [stderr]   Downloaded ab_glyph v0.2.20
[INFO] [stderr]   Downloaded libc v0.2.140
[INFO] [stderr]   Downloaded tuig-iosys v0.0.2
[INFO] [stderr]   Downloaded orbclient v0.3.43
[INFO] [stderr]   Downloaded strict-num v0.1.0
[INFO] [stderr]   Downloaded x11-dl v2.21.0
[INFO] [stderr]   Downloaded objc2-encode v2.0.0-pre.2
[INFO] [stderr]   Downloaded bytemuck v1.13.1
[INFO] [stderr]   Downloaded tiny-skia v0.8.3
[INFO] [stderr]   Downloaded block-sys v0.1.0-beta.1
[INFO] [stderr]   Downloaded raw-window-handle v0.5.1
[INFO] [stderr]   Downloaded wayland-scanner v0.29.5
[INFO] [stderr]   Downloaded proc-macro2 v1.0.54
[INFO] [stderr]   Downloaded sctk-adwaita v0.5.3
[INFO] [stderr]   Downloaded objc-sys v0.2.0-beta.2
[INFO] [stderr]   Downloaded dlib v0.5.0
[INFO] [stderr]   Downloaded wayland-commons v0.29.5
[INFO] [stderr]   Downloaded scoped-tls v1.0.1
[INFO] running `Command { std: "docker" "create" "-v" "/var/lib/crater-agent-workspace/builds/worker-5-tc1/target:/opt/rustwide/target:rw,Z" "-v" "/var/lib/crater-agent-workspace/builds/worker-5-tc1/source:/opt/rustwide/workdir:ro,Z" "-v" "/var/lib/crater-agent-workspace/cargo-home:/opt/rustwide/cargo-home:ro,Z" "-v" "/var/lib/crater-agent-workspace/rustup-home:/opt/rustwide/rustup-home:ro,Z" "-e" "SOURCE_DIR=/opt/rustwide/workdir" "-e" "CARGO_TARGET_DIR=/opt/rustwide/target" "-e" "CARGO_HOME=/opt/rustwide/cargo-home" "-e" "RUSTUP_HOME=/opt/rustwide/rustup-home" "-w" "/opt/rustwide/workdir" "-m" "1610612736" "--user" "0:0" "--network" "none" "ghcr.io/rust-lang/crates-build-env/linux@sha256:19e73879b68f455e41552ea35293514db52ea292d993f571636dbffedb77a1ee" "/opt/rustwide/cargo-home/bin/cargo" "+9610dfe5a9a731ced1ea4923ecbd0c57fe367898" "metadata" "--no-deps" "--format-version=1", kill_on_drop: false }`
[INFO] [stdout] 7bcf7244e28dabb964b098d77dd294b265d0e99744d0cf96cb98550fee27e542
[INFO] running `Command { std: "docker" "start" "-a" "7bcf7244e28dabb964b098d77dd294b265d0e99744d0cf96cb98550fee27e542", kill_on_drop: false }`
[INFO] running `Command { std: "docker" "inspect" "7bcf7244e28dabb964b098d77dd294b265d0e99744d0cf96cb98550fee27e542", kill_on_drop: false }`
[INFO] running `Command { std: "docker" "rm" "-f" "7bcf7244e28dabb964b098d77dd294b265d0e99744d0cf96cb98550fee27e542", kill_on_drop: false }`
[INFO] [stdout] 7bcf7244e28dabb964b098d77dd294b265d0e99744d0cf96cb98550fee27e542
[INFO] running `Command { std: "docker" "create" "-v" "/var/lib/crater-agent-workspace/builds/worker-5-tc1/target:/opt/rustwide/target:rw,Z" "-v" "/var/lib/crater-agent-workspace/builds/worker-5-tc1/source:/opt/rustwide/workdir:ro,Z" "-v" "/var/lib/crater-agent-workspace/cargo-home:/opt/rustwide/cargo-home:ro,Z" "-v" "/var/lib/crater-agent-workspace/rustup-home:/opt/rustwide/rustup-home:ro,Z" "-e" "SOURCE_DIR=/opt/rustwide/workdir" "-e" "CARGO_TARGET_DIR=/opt/rustwide/target" "-e" "CARGO_INCREMENTAL=0" "-e" "RUST_BACKTRACE=full" "-e" "RUSTFLAGS=--cap-lints=forbid" "-e" "RUSTDOCFLAGS=--cap-lints=forbid" "-e" "CARGO_HOME=/opt/rustwide/cargo-home" "-e" "RUSTUP_HOME=/opt/rustwide/rustup-home" "-w" "/opt/rustwide/workdir" "-m" "1610612736" "--user" "0:0" "--network" "none" "ghcr.io/rust-lang/crates-build-env/linux@sha256:19e73879b68f455e41552ea35293514db52ea292d993f571636dbffedb77a1ee" "/opt/rustwide/cargo-home/bin/cargo" "+9610dfe5a9a731ced1ea4923ecbd0c57fe367898" "check" "--frozen" "--all" "--all-targets" "--message-format=json", kill_on_drop: false }`
[INFO] [stdout] 4a6018b376edbaa00be8412120a008915141a2eb2e325a18dc9b58ab1908768d
[INFO] running `Command { std: "docker" "start" "-a" "4a6018b376edbaa00be8412120a008915141a2eb2e325a18dc9b58ab1908768d", kill_on_drop: false }`
[INFO] [stderr]    Compiling proc-macro2 v1.0.54
[INFO] [stderr]    Compiling semver v1.0.17
[INFO] [stderr]    Compiling libc v0.2.140
[INFO] [stderr]    Compiling paste v1.0.12
[INFO] [stderr]    Compiling either v1.8.1
[INFO] [stderr]     Checking hashbrown v0.12.3
[INFO] [stderr]    Compiling itertools v0.10.5
[INFO] [stderr]    Compiling rustc_version v0.4.0
[INFO] [stderr]    Compiling quote v1.0.26
[INFO] [stderr]     Checking parking_lot_core v0.9.7
[INFO] [stderr]    Compiling syn v2.0.11
[INFO] [stderr]     Checking dashmap v5.4.0
[INFO] [stderr]    Compiling tuig-pm v0.0.2
[INFO] [stderr]     Checking tuig-iosys v0.0.2
[INFO] [stderr]     Checking tuig v0.0.2
[INFO] [stderr]     Checking redshell v0.0.8 (/opt/rustwide/workdir)
[INFO] [stdout] error[E0423]: expected function, found macro `tuig::io::load`
[INFO] [stdout]   --> src/concept/mod.rs:20:22
[INFO] [stdout]    |
[INFO] [stdout] 20 |     let errs = match tuig::io::load() {
[INFO] [stdout]    |                      ^^^^^^^^^^^^^^ not a function
[INFO] [stdout]    |
[INFO] [stdout] help: use `!` to invoke the macro
[INFO] [stdout]    |
[INFO] [stdout] 20 |     let errs = match tuig::io::load!() {
[INFO] [stdout]    |                                    +
[INFO] [stdout] 
[INFO] [stdout] 
[INFO] [stdout] error[E0423]: expected function, found macro `tuig::io::load`
[INFO] [stdout]   --> src/concept/mod.rs:20:22
[INFO] [stdout]    |
[INFO] [stdout] 20 |     let errs = match tuig::io::load() {
[INFO] [stdout]    |                      ^^^^^^^^^^^^^^ not a function
[INFO] [stdout]    |
[INFO] [stdout] help: use `!` to invoke the macro
[INFO] [stdout]    |
[INFO] [stdout] 20 |     let errs = match tuig::io::load!() {
[INFO] [stdout]    |                                    +
[INFO] [stdout] 
[INFO] [stdout] 
[INFO] [stdout] error[E0599]: no method named `load_run` found for struct `Runner` in the current scope
[INFO] [stdout]    --> src/game/mod.rs:276:10
[INFO] [stdout]     |
[INFO] [stdout] 229 | /     Runner::new(game)
[INFO] [stdout] 230 | |         .queue(Event::install(crate::tools::Ls))
[INFO] [stdout] 231 | |         .queue(Event::install(crate::tools::Touch))
[INFO] [stdout] 232 | |         .queue(Event::install(crate::tools::Mkdir))
[INFO] [stdout] ...   |
[INFO] [stdout] 275 | |         ))
[INFO] [stdout] 276 | |         .load_run();
[INFO] [stdout]     | |         -^^^^^^^^ method not found in `Runner<Redshell>`
[INFO] [stdout]     | |_________|
[INFO] [stdout]     | 
[INFO] [stdout] 
[INFO] [stdout] 
[INFO] [stdout] error[E0599]: no method named `load_run` found for struct `Runner` in the current scope
[INFO] [stdout]    --> src/game/mod.rs:276:10
[INFO] [stdout]     |
[INFO] [stdout] 229 | /     Runner::new(game)
[INFO] [stdout] 230 | |         .queue(Event::install(crate::tools::Ls))
[INFO] [stdout] 231 | |         .queue(Event::install(crate::tools::Touch))
[INFO] [stdout] 232 | |         .queue(Event::install(crate::tools::Mkdir))
[INFO] [stdout] ...   |
[INFO] [stdout] 275 | |         ))
[INFO] [stdout] 276 | |         .load_run();
[INFO] [stdout]     | |         -^^^^^^^^ method not found in `Runner<Redshell>`
[INFO] [stdout]     | |_________|
[INFO] [stdout]     | 
[INFO] [stdout] 
[INFO] [stdout] 
[INFO] [stdout] error: aborting due to 2 previous errors
[INFO] [stdout] 
[INFO] [stdout] 
[INFO] [stdout] Some errors have detailed explanations: E0423, E0599.
[INFO] [stdout] 
[INFO] [stdout] For more information about an error, try `rustc --explain E0423`.
[INFO] [stdout] 
[INFO] [stderr] error: could not compile `redshell` (bin "redshell") due to 3 previous errors
[INFO] [stderr] warning: build failed, waiting for other jobs to finish...
[INFO] [stdout] error: aborting due to 2 previous errors
[INFO] [stdout] 
[INFO] [stdout] 
[INFO] [stdout] Some errors have detailed explanations: E0423, E0599.
[INFO] [stdout] 
[INFO] [stdout] For more information about an error, try `rustc --explain E0423`.
[INFO] [stdout] 
[INFO] [stderr] error: could not compile `redshell` (bin "redshell" test) due to 3 previous errors
[INFO] running `Command { std: "docker" "inspect" "4a6018b376edbaa00be8412120a008915141a2eb2e325a18dc9b58ab1908768d", kill_on_drop: false }`
[INFO] running `Command { std: "docker" "rm" "-f" "4a6018b376edbaa00be8412120a008915141a2eb2e325a18dc9b58ab1908768d", kill_on_drop: false }`
[INFO] [stdout] 4a6018b376edbaa00be8412120a008915141a2eb2e325a18dc9b58ab1908768d
